((4 - (6 - 3)) + 10 - 5)?
-11
What is -5 - (-8 + 7 - 0 - 7)?
3
What is -34 + 8 + 12 + -13?
-27
(-24 - -27) + 7 + 3
13
-66 + -25 + 37 - -22
-32
What is the value of (-2 - -10) + (-356 - -363)?
15
14 + -4 + (2 - 1 - 2)
9
Evaluate (-1 - -21) + (1 - 2 - (149 + -157)).
27
Calculate -6 - -17 - ((-2 - -10) + -30).
33
What is 4 + 3 - ((20 - 46) + 24)?
9
Calculate 20 + -23 - (-40 + 17).
20
(42 - 18 - 3 - 11) + 16
26
What is the value of 15 + (13 - 19) + (-3 - 7)?
-1
-13 + (-26 - 7) + 34
-12
(-385 - -397) + -13 + 1
0
Calculate 12 + -28 + 1 - (0 - -5).
-20
Calculate -150 + 163 - ((-1 - 6) + -14).
34
Evaluate -3 + 11 + (-22 - -22) - -5.
13
What is the value of (-18 - (14 + -20)) + 15?
3
Calculate (14 - (18 - 4)) + -7 - (0 + 24).
-31
Evaluate (-66 - -68) + -4 + 0 + 10 + 23.
31
(-29 - (-24 - -4)) + 2
-7
Calculate (14 - (19 + -14)) + 10.
19
What is -2 + (8 - 5) + -8 - -2?
-5
Evaluate 50 - 11 - (24 + 1 + -10).
24
What is (-93 - -80) + -10 + 3 + 2?
-18
What is the value of (-1 - -6) + (17 - 0 - 24)?
-2
Calculate 6 + -1 + -84 + 84 + 32 + 0.
37
What is the value of 14 - (23 + -24) - 25?
-10
What is -1 + (10 - 3) - (2 - (7 + 9))?
20
7 - (3 + 0 - 3 - (67 - 61))
13
What is the value of -2 - -27 - (-32 + (36 - 3))?
24
-6 - (-16 - (-15 + 7))
2
What is the value of -3 - (-11 - -9 - 7 - -13)?
-7
What is the value of 22 - (0 + (-2 - (3 - 2)) + -5)?
30
What is the value of 5 + (3 - 8) + (-44 - -43)?
-1
Calculate 20 + (39 - 77) - (-9 + -3).
-6
What is (15 + -24 - -32) + -21 + (7 - 1)?
8
Evaluate -2 + -11 - (3 + -11 + -3 + 2).
-4
Calculate 0 + -8 + 9 + (-8 - -2).
-5
Calculate 3 + (12 - 12) - 1.
2
What is the value of -2 + 0 + 28 + -26 + 9?
9
Calculate 5 + (74 - 47) - -3.
35
What is the value of (28 - 19) + -20 - -15?
4
6 - 6 - (-5 + -2) - 0 - -6
13
Evaluate (-3 + -4 - -3) + (9 - (-4 - -3)).
6
7 - ((-10 - -22) + -11 + -2)
8
Evaluate 7 + -3 + 0 + 183 + -214.
-27
What is the value of -26 - (-1 + (-11 + 2 - 3))?
-13
What is 6 - (13 + -2 + (-38 - -35))?
-2
Evaluate 3 + 0 + 0 - (41 + (8 - 48)).
2
What is the value of (-10 - 0) + (4 + 3 - (-5 + 22))?
-20
(-3 + -11 + 6 - -11) + (-22 - 1)
-20
(28 - 15) + 18 + -4 + 2 + -1
28
Evaluate 42 + 0 - 13 - 14.
15
What is 47 + -43 + (-8 - 33)?
-37
What is the value of -17 + 39 + (17 - 12)?
27
16 + (3 - (31 - (-6 + 10)))
-8
What is the value of (0 - -7 - -7) + -16 + -1?
-3
What is the value of -15 + 15 - 2 - -11?
9
What is the value of (12 - -3) + (8 - 21)?
2
Evaluate -50 + 14 + 13 + 2 + 1.
-20
Calculate -22 + 2 - (4 - 14).
-10
What is -11 + 28 + -41 + 47?
23
What is the value of -9 + (46 - 52) + 0 + 12?
-3
What is the value of 19 + (6 - 8 - -9)?
26
What is (14 - 5) + -25 + 6?
-10
What is the value of (0 - -25) + (23 - 31 - -3) + -9?
11
Evaluate (-15 - (20 - 32)) + 21.
18
Calculate (46 - 0) + -19 + 19 + -9.
37
What is the value of (-1 - -8) + -14 + (0 - -34) + -1?
26
What is (-23 + -21 - -32) + 42?
30
What is the value of 0 + (-18 - -12 - (-6 - 1)) + -2?
-1
Evaluate 7 + 0 + (-58 - -66) - -8.
23
What is the value of -4 + (-21 + 21 - (-2 - -6) - 0)?
-8
-26 - ((3 - 16) + 14 - 4)
-23
Evaluate -5 + (-7 - (-17 - -11)) - 0 - -16.
10
Calculate 4 + -1 + (13 - 7) + 3 + -1.
11
What is the value of -4 - -18 - (58 - 57)?
13
(-7 + -1 - (315 - 298)) + 1
-24
Calculate (-2 - 1) + (-26 - 19) + 19.
-29
33 + (1 - 0) + 1 + (-53 - -48)
30
What is the value of -27 - (-38 - -25 - -2)?
-16
What is the value of -12 + 13 + 1 + 0 + -1 + -1?
0
Evaluate -4 - -21 - (-16 - -14).
19
(-1 - (-26 - -17) - (1 + 0)) + -13
-6
Evaluate 30 - (3 - -19) - 21.
-13
Calculate 19 + (15 - (63 + -12)).
-17
Calculate (3 - -3) + (-3 - -2) + -4 + 2.
3
Evaluate (1 - -6) + -6 + (0 - -1) + 3.
5
What is (12 - 11) + -1 + 4 - -3?
7
What is the value of -10 + (44 - (10 - (1 + 1)))?
26
-19 + 1 + 19 - -6
7
Evaluate 17 + -3 + (-15 - -4) - 16.
-13
Calculate 7 + (-8 - 19) - -14.
-6
Evaluate -13 + (-15 + 20 - 0).
-8
What is 33 - (8 - (-11 - -3))?
17
What is 15 - -3 - (-150 + 165)?
3
(13 - (2 - -9)) + -14
-12
What is (0 - 21) + (353 - 319)?
13
-4 + 5 - -8 - (5 + -1)
5
Evaluate 26 - (-11 - ((-4 - 2) + 1) - -3).
29
Calculate -7 - ((4 + -5 - -9) + 0 + -4).
-11
What is 532 - 549 - (0 + -32)?
15
-6 + -12 + -12 + -6
-36
Calculate (18 + 21 - 13) + -29.
-3
Calculate 3 + 0 - (2 + -10 + -4 + 0).
15
What is the value of 13 + -8 + -25 - -8?
-12
What is the value of 14 + 14 + -8 + -26?
-6
Calculate -16 + (19 + -5 - (-1 + 7)).
-8
Evaluate 0 + -10 + -7 + -17 + 3 + 21.
-10
What is the value of 6 + (1 + -2 + 5 - (-21 + 17))?
14
What is the value of -11 - (-21 + (11 - (14 - 13)))?
0
Calculate 13 - 1 - ((4 - 5) + 4 + -3).
12
What is the value of -18 + -6 + (6 - -4) - -15?
1
-1 - 5 - (-62 - (1 + -43))
14
What is the value of -10 - 1 - (-30 - -20)?
-1
Calculate 27 + (33 - (61 + -35)).
34
54 - (86 - (10 - -32))
10
What is 4 - (47 + (-12 - -6) + -2 + -10)?
-25
Evaluate (-2 + 0 - 2) + 21 + (15 - 7).
25
Calculate 20 - 20 - (-1 - -4).
-3
1 + (9 + -39 - -54)
25
(-22 - -3) + 470 + -466
-15
Evaluate (-4 - -1 - (12 + -14) - -6) + 16.
21
What is the value of -1 + -1 + -9 + 7?
-4
What is the value of -4 + 3 + -3 + (3 + 26 - 4)?
21
What is (5 - -5) + -11 - (-4 - (-1 + 0))?
2
Calculate (7 - 15) + (-7 - (-3 - 3)) - 16.
-25
What is -12 + 0 + 23 + (-1 - -8 - 3)?
15
What is the value of -3 + 7 + -15 + -15 + (9 - -1)?
-16
(-17 + 16 - 10) + -5
-16
Calculate (8 - 0) + 6 + (-14 - 20).
-20
What is -9 + (13 - 7) + (1 - 2) + -7?
-11
Calculate -33 + 41 + (13 - -11).
32
Evaluate 1 + (24 - -4) + -24.
5
Calculate -60 - -36 - -31 - (-5 + 1).
11
Calculate -6 + 2 + (15 - (-6 + -9 - -6)).
20
What is (-2 + 34 - 38) + (0 - (-2 + -1))?
-3
-4 - ((25 + 0 + -5 - -3) + 7)
-34
What is the value of (5 - -1) + (-18 + (15 - 24) - -10)?
-11
(14 - (23 - 10)) + 1 + 6 + -3
5
-7 - (-4 + 2) - ((3 - -4) + -14)
2
What is the value of 7 - (-1 + 12 - 11)?
7
What is -9 - (-6 + -3 + (-1 - -13))?
-12
What is 2 + 8 + -14 + (1 - -1)?
-2
Calculate -3 + 6 - 0 - 14 - (53 + -52).
-12
What is (-4 - 0) + (10 + -14 + 10 - 14)?
-12
What is -36 + 0 + 24 + 5?
-7
-1 + -16 + (21 + -9 - 12) - 4
-21
What is the value of (-1 - -17) + 0 - (-4 + 14)?
6
(3 - 3) + 28 + (-21 + 7 - -13)
27
-3 + (2 - (5 - -6))
-12
Evaluate 15 + 12 + -10 + -8.
9
Calculate (12 - (-1 - -17)) + 7 + 5.
8
What is the value of (-9 - -3) + -79 + 76?
-9
Calculate 6 + (-1 - 2) + -23 + (16 - 10).
-14
(-15 - -1) + -17 + 12
-19
What is the value of -3 - (12 - (-18 + 28))?
-5
Evaluate -6 - (-6 - -2 - 2 - 5 - -32).
-27
Calculate (-5 - ((6 - 20) + 6)) + -4.
-1
What is 0 + 4 - (-1 + (9 + -9 - 3))?
8
What is the value of -17 + (-11 - -26) - (-1 + -20)?
19
What is 12 - (-2 - (2 - -10) - -54)?
-28
Calculate (7 - 0) + 0 + 2 + 0 + -1.
8
Calculate -45 + 46 + (5 - -1).
7
Evaluate -4 - (-11 + 3) - 0 - (-11 + -3).
18
What is (-2 - 3) + -1 - -8?
2
Evaluate 9 + -4 + -1 - (31 + -28) - 23.
-22
Evaluate -17 + (2 - -6) - (-9 - 8).
8
What is (-1 + -12 - -4) + 21?
12
Calculate 0 - (-12 + 3 + -1 + -7 + 10).
7
What is the value of (5 - (-1 + -2 - -5)) + -1 - -3?
5
What is 0 - (2 - -1) - 3 - -15?
9
Evaluate 17 - (19 + (-51 - -28)).
21
What is the value of (-35 - 1 - -26) + -24?
-34
What is 10 - (30 + (-2 - (-3 + 9)))?
-12
Calculate 1 + -10 + (15 - (20 - 13)) - -4.
3
What is the value of 7 - ((12 - 20) + 6)?
9
What is the value of (12 - 0) + -10 - -9?
11
What is -22 + 25 + -10 + 1 + 1?
-5
7 + -2 + -7 - ((3 - 6) + -6)
7
Calculate 4 - (-1 - -3 - 7) - 5 - 9.
-5
What is the value of (-18 + -7 - -5) + 30?
10
-3 + (0 - -6 - (34 - (16 - 3)))
-18
What is (1 + -2 - (20 - 28)) + (10 - 2)?
15
What is the value of 9 - (-5 + 4 + -8 + -3 + 12)?
9
2 - (8 - -3) - (68 + -62)
-15
What is 2 + 26 + (-65 - -26)?
-11
Calculate (-1 - (-1 - 21)) + (449 - 460).
10
What is the value of 23 - (48 - -1) - -23?
-3
What is -8 - -17 - 44 - -20 - (-4 + -1)?
-10
-1 + -6 + (-2 - -8) - (11 + -3)
-9
Calculate 175 + -154 - (14 + 1).
6
Calculate (-1 + 4 + -6 - -2) + 25 + 3.
27
-15 + (-5 - -11) + (1 - 1)
-9
Evaluate -16 + (1 - -5) - -3.
-7
What is 33 + -5 + 1 - ((9 - 3) + -4)?
27
(728 - 732) + (-2 - (1 - 10)) - -29
32
Calculate -8 - -21 - 24 - -14.
3
-21 + 2 + 47 + -54
-26
Calculate (0 + 1 - (262 + -248)) + 17.
4
What is the value of -18 + (16 - 13) - -9?
-6
-3 + -5 + (25 + 14 - 54)
-23
Evaluate -12 - (9 - 27) - (-6 - -1).
11
What is (6 - (7 + 4)) + -1 - (1 - 8)?
1
What is the value of (-2 + -10